 Let g = j - z. What is the units digit of g?
1
Suppose 0*k - l - 5 = k, 5*k = -2*l - 10. Suppose 5*q + 5*u + 81 = u, k = 5*u + 20. What is the units digit of (-6)/(-9) + q/(-3)?
5
Let o(i) = -i**2 - 7*i - 4. Suppose 5*r - u + 2*u = 33, 2*u - 31 = -5*r. Let d = 1 - r. What is the units digit of o(d)?
2
What is the units digit of 3/((-6)/(-14)) + 1?
8
Suppose -2*s + 10 = 3*s. Suppose m - 2*m - s*x = 3, 0 = 2*m + 5*x + 9. Suppose 0*u - 24 = -m*u. What is the units digit of u?
8
What is the units digit of 12/(-6)*(-2 - 0)?
4
Let b be (-3)/12 - 10/(-8). Let l = b - -4. Suppose -5*u + 15 = -l. What is the units digit of u?
4
Let p(w) = w**2 + 7*w + 2. Let y be p(-7). Let n = -5 + 8. What is the tens digit of (19 + -3)/(n - y)?
1
Suppose 3*n + 21 = 2*f, -3*f + 4*n - 16 = -4*f. What is the tens digit of f?
1
Let b(p) = 2*p**3 - 2*p**2 + 3*p - 3. Suppose 0 = -6*s + 3*s + 6. What is the tens digit of b(s)?
1
Suppose 4*c = -4*m + 812, -m + 613 = 2*c + c. What is the tens digit of c?
0
Suppose 0 = 3*j + 5*l - 95, l = 3*j - 0*j - 107. Let y = -6 - -12. Suppose -y = -2*k, 0*s + k + j = 2*s. What is the tens digit of s?
1
What is the units digit of 42*6/(-27)*-3?
8
Suppose 0 = 3*q + 2 + 4. What is the units digit of (3 - q/(-4))*6?
5
Let z(u) = u**3 - 8*u**2 + u + 1. Let q be z(8). Suppose -55 = 4*i - q*i. What is the tens digit of i?
1
Let s(o) = 3*o**2 + 2*o - 5. Let h be s(-4). Let z(d) = -d**3 - 4*d**2 + 3*d - 4. Let a be z(-4). Let f = h + a. What is the units digit of f?
9
Let l = 28 - 29. Let w(b) = b**2 + 6*b + 2. Let p be w(-6). Let n = p - l. What is the units digit of n?
3
Suppose -4*j - 8 = -408. Suppose 7*v + j = 380. What is the tens digit of v?
4
Let u = -30 + 43. Let z(y) = -y**2 + 14*y - 5. What is the units digit of z(u)?
8
Let n = 61 + -17. What is the units digit of n?
4
Let i = 6 - 4. Suppose 0 = -i*v - 2. Let w(f) = 3*f**2 + f + 1. What is the units digit of w(v)?
3
Let o be (-280)/16*(-24)/14. Let s = -6 + o. What is the units digit of s?
4
Suppose 1 = -k, 5*a + k - 3*k = 132. What is the units digit of a?
6
Let p(c) = -c**2 + 6*c - 4. Let a be p(3). Suppose -3*v + 8 = -k, -3*v - a = 4*k - 6*v. What is the units digit of k?
1
Let m be 3*-1 + 0 + 3. Suppose 0 = 2*g - 5*t - 4, 0 = -m*g + 3*g + 3*t - 48. What is the tens digit of g?
1
Suppose 6*a + 30 = a. What is the units digit of (14/a)/(1/(-6))?
4
Let z(v) = -v**3 - 3*v**2 + 6*v + 2. Let f be z(-4). Let x be (-1 - (-2)/3)*f. Suppose -19 = -2*t + 3*d - 5, x*t - d - 6 = 0. What is the units digit of t?
1
Let d = -9 + 11. What is the units digit of 1 + 7/(7/d)?
3
Let r = 74 + -46. What is the units digit of r?
8
What is the tens digit of ((-117)/(-36))/((-2)/(-8))?
1
Let f(n) = 1 + n - 1 - 18*n**3. What is the tens digit of f(-1)?
1
Let o = 139 + -93. What is the units digit of o?
6
Let z = 147 - 34. What is the hundreds digit of z?
1
Let q = -21 + 31. Let g = 25 + q. What is the tens digit of g?
3
Let i(c) be the second derivative of -c**5/20 + c**4/12 - c**3/6 + 5*c**2 - 4*c. Let r be i(0). Let w = 21 - r. What is the units digit of w?
1
Suppose 273 = 2*p + 2*g - 209, 0 = 5*p - 5*g - 1195. What is the tens digit of p?
4
Let u(s) = s**3 + 12*s**2 - 12*s + 14. What is the units digit of u(-13)?
1
Let r(n) = n**3 + 9*n**2 + 9*n - 4. What is the units digit of r(-6)?
0
Let z = -23 + 88. What is the tens digit of z?
6
Let b(a) = -a**2 - 13*a - 6. Let s be b(-11). Let p = 30 - s. What is the units digit of p?
4
Let b be 24/15 + 4/10. Suppose -b*y = 3*p - 5*y + 6, -5*p = 5*y + 50. What is the units digit of 56/p*6/(-4)?
4
Suppose 0 = m - 11 - 11. Suppose -2*q + 3*q - 4*d - 21 = 0, 5*d + 20 = 0. Suppose -q*z + m = -23. What is the units digit of z?
9
Suppose 0*i - 16 = 4*i. Let d = i + 4. Suppose d = -g + 7. What is the units digit of g?
7
What is the units digit of 740/14 - 7/(-49)?
3
Suppose -x = -3*k + x + 5, -2*x = 4*k - 16. What is the tens digit of 11 - (-3 + 0)/k?
1
Let w(k) = k**2 + 4*k - 5. Let r be w(-7). Let s = r - 10. What is the units digit of s?
6
Suppose -3*i + 7 = -3*r - 113, 2*r = -5*i + 165. Let v be (0 - i)*(-2)/2. Suppose -3*c + 44 = -5*g, -4*g + 3 - v = -2*c. What is the units digit of c?
8
Suppose 0*z - 2*z + 132 = 4*h, -5*h = -z + 80. Suppose 3*q - z = 62. What is the units digit of (-202)/(-22) + (-8)/q?
9
Let w = 12 + -8. Suppose -3*x + w = -x. What is the units digit of x?
2
Let d be (3 - 3/3) + -11. Let o be (-152)/(-36) + 2/d. Suppose u = -o*g + 21, -u - 10 = -4*g + 9. What is the units digit of u?
1
Let u(h) = 3*h**3 - 5*h**2 - h + 4. Let y be u(4). Suppose 0*l - 2*k - 140 = -5*l, 4*l = k + y. What is the tens digit of l?
2
Suppose -3*v = -v + 5*i - 77, 5*i + 47 = 2*v. What is the units digit of v?
1
Let a(m) = m**3 + 4*m**2 - 2*m - 6. Suppose -7*s = -2*s + 20. What is the units digit of a(s)?
2
Let o(w) = -w**3 + 9*w**2 + 11*w - 10. What is the hundreds digit of o(8)?
1
Let n(c) = c. Let y(z) = -5*z + 29. Let l(g) = -4*n(g) - y(g). Let a be l(0). Let f = -21 - a. What is the units digit of f?
8
Suppose 0*i = -i + 12. What is the units digit of i?
2
Let y = -59 - -93. What is the tens digit of y?
3
Let h = 7 - 11. What is the units digit of 117/7 - h/14?
7
Let d = 14 + -20. What is the units digit of (8 - 2)*(-2)/d?
2
Let d(s) = -s**2 + 7*s - 3. What is the units digit of d(3)?
9
Let k(z) = 6*z**2 - 3. Let v be k(-3). Suppose -3*f = 3*b - v, 0 = 4*f - 0*b - 2*b - 80. Let l = -13 + f. What is the units digit of l?
6
Suppose 3*u = -3*a + 252, -5*u = 3*a - 62 - 200. What is the tens digit of a?
7
Suppose 3*m + m - 96 = 0. Suppose 0 = -2*z - 4 + 10. Suppose -d + m = z*d. What is the units digit of d?
6
Suppose -g = g + 16. Let h = g + 17. What is the units digit of h?
9
Suppose -5*s + 83 = -107. Suppose -2*u = -s - 14. What is the tens digit of u?
2
What is the tens digit of (-5)/((-10)/6) + 171 - 3?
7
Suppose -2*g + 0 = -3*b - 86, 5*b = -3*g + 91. What is the units digit of g?
7
Let m(t) = -t**3 + 6*t**2 - 4*t - 3. Let b be m(5). Suppose -b*d = -9 - 15. What is the tens digit of d?
1
Suppose -27*x = -29*x + 36. What is the units digit of x?
8
Let k be 879/15 - (-4)/10. Let g = -42 + k. What is the units digit of g?
7
Suppose -8*m - 132 = -12*m. What is the tens digit of m?
3
What is the tens digit of -2 + (3 - (2 - 29))?
2
Let l = 1 + 3. Let u be (-1)/(2/(24/(-3))). Suppose -u*o = -4 - l. What is the units digit of o?
2
Let s be (-1)/(-2*2/(-8)). Let j = s - -11. What is the units digit of j?
9
Let f(g) = -3*g - 4. Suppose -14 = -2*n + 4*n + z, -2*n - 2 = -2*z. Let l be f(n). Let h = l + -2. What is the units digit of h?
9
Let i(o) = 2*o - 9. Let s be i(6). Suppose -30 = -m - 4*m + s*h, -3*m + 12 = -3*h. What is the units digit of m?
9
Suppose w - 2*w = -3. Suppose -4*p = 4*z - 2*p - 14, w*z - 38 = 4*p. What is the units digit of z?
6
Let k = -28 + 19. Let y = 5 - k. What is the units digit of y?
4
Suppose -2*q - 3*l + 2 = -5*l, -3*l + 5 = -5*q. Let h(f) = f**2 + 3*f. What is the units digit of h(q)?
4
What is the units digit of 2/(-4)*(14 + -16)?
1
Let o = -11 - -8. Let s = 0 - o. What is the units digit of s?
3
Let a = 7 - 9. What is the units digit of -3 + 0 - (-14 - a)?
9
Let s(d) = -d**3 + 3*d**2 + 2. Let n be s(3). Suppose 50 = 5*i - n*f, 0*f = 2*i + 5*f - 49. What is the units digit of i?
2
Let c(a) = a + 4. Suppose 10 = -2*x - 2*d, -x + d + 1 = -0*d. Let t be c(x). Suppose -t*n = 2*n - 4. What is the units digit of n?
1
Let p(a) = a**3 - 26*a**2 + 32*a - 20. What is the units digit of p(25)?
5
Suppose -5*r = -2*g + 340, -6*r = 3*g - 3*r - 531. What is the hundreds digit of g?
1
Suppose 4*m = -5*i + 4, -2*i + 2*m = i + 2. Let b be i*-1*2/(-4). Suppose b = 3*g - 4*g + 4. What is the units digit of g?
4
Suppose 20 = 5*u, 2*h + 6 - 36 = u. What is the units digit of h?
7
Let a(p) = -13*p - 1. Let g be a(-1). Let n(j) = j**3 - 13*j**2 + 13*j - 8. Let b be n(g). Suppose -10 = -2*o, -o - o = -b*r + 6. What is the units digit of r?
4
Let k(a) be the second derivative of a**5/20 - 5*a**4/12 + 5*a**3/6 + 3*a**2/2 - 2*a. Let c = 4 - 0. What is the units digit of k(c)?
7
Let w(z) = z + 11. Let i be w(-9). What is the tens digit of -1 + 1 + i + 9?
1
Suppose 4*s - 7*s = -981. What is the hundreds digit of s?
3
Let u(o) = -o**3 + o - 9. What is the units digit of u(-6